*u - w + 5, u = 4*w - 20. Suppose u = -6*y - 3 + 27. Suppose -d = -y*h - 50, d - 2*h = 3*h + 53. Calculate the remainder when d is divided by 11.
5
Suppose -3*c = 0, -j + 544 + 1184 = 3*c. Suppose -13*f = -45*f + j. What is the remainder when 265 is divided by f?
49
Suppose 4*k = 3*v + 264 + 1140, -1408 = -4*k + 4*v. What is the remainder when 3111 is divided by k?
327
Suppose n = 22*k - 18*k + 422, 392 = n + 2*k. Calculate the remainder when n is divided by 22.
6
Let h(u) = 2*u**2 + 80*u + 1120. What is the remainder when h(-24) is divided by 4?
0
Suppose 4204*i - 4188*i = 400. Calculate the remainder when 239 is divided by i.
14
Suppose 0 = 8*h + 64, -47996 = -c - 2*c + 4*h. Calculate the remainder when c is divided by 22.
16
Let n(f) = f**2 + 46*f + 4241. What is the remainder when n(-60) is divided by 154?
153
Let w be ((-15)/(-12))/((21/12)/7). Let k(x) = 2*x**3 - 4*x**2 - 13*x + 11. Suppose -o - 8 = -22. Calculate the remainder when k(w) is divided by o.
12
Suppose -1125 = -8*a - 17*a. Calculate the remainder when (207/(-2))/(3 - a/12) is divided by 42.
12
Let k(i) = 164*i + 710. Calculate the remainder when 861 is divided by k(-4).
51
Let h(d) = d**2 - 34*d - 618. What is the remainder when h(-17) is divided by 19?
2
Let q = 101 - 81. Let w = -53 - -108. Calculate the remainder when w is divided by q.
15
Let i(w) = w**2 - 9*w - 52. Let o be i(13). Let g(n) = -n**2 + 10. What is the remainder when 19 is divided by g(o)?
9
Let b be 2/6 - 13/(156/1564). Calculate the remainder when 19/((-133)/4) - b/7 is divided by 4.
2
Let z be (80/3)/(2/3). Let c(x) = 3*x**2 - 116*x + 79. Calculate the remainder when c(z) is divided by 64.
47
Let h = -3 - -17. Let t = h - 11. Suppose x + 0 + 4 = t*k, 3*k + 2 = 4*x. Calculate the remainder when 6 is divided by k.
0
Suppose -4*k = 4*a - 0*a - 264, k + 4*a = 81. Let r(o) = -o + 18. Let y be r(-16). Let w = y - 21. Calculate the remainder when k is divided by w.
9
Let f = 36765 + -34818. Calculate the remainder when 9735 is divided by f.
0
Suppose -2*q + 24 = 20, -2*q = -2*f + 6774. What is the remainder when f is divided by 260?
9
Suppose -10*g = -92 + 2. Suppose 194*x + 415 = 199*x. Calculate the remainder when x is divided by g.
2
Let h = 109 + -106. Suppose -79 = -h*g - y, -g + 7 = 2*y - 11. Suppose 3*p = -2*n + 500, -4*n = -p - 7*n + 176. Calculate the remainder when p is divided by g.
24
Let j be (33/6)/(-1*(-3)/6). Suppose -165 = -j*z - 0*z. Suppose -4*y - 8 = -116. What is the remainder when y is divided by z?
12
Suppose 2*u - 56 = -2*g, -6*u = -10*u - 3*g + 106. What is the remainder when (66 - (1 + -3)) + -3 is divided by u?
21
Let r(t) = -41*t + 168. What is the remainder when 204 is divided by r(4)?
0
Let i(n) be the third derivative of -5/6*n**3 + 4/15*n**5 - 1/120*n**6 + 0 - 25/24*n**4 - 31*n**2 + 0*n. Calculate the remainder when i(14) is divided by 5.
2
Let u = 77 + -67. Suppose f - 3*b + 4*b = u, 0 = 2*f - 2*b - 40. Suppose a + 4 = -0*a - 2*r, -f = 3*r. What is the remainder when 82 is divided by a?
4
Suppose 3*k = 86*r - 88*r + 217, -r = -4*k - 92. What is the remainder when 220 is divided by r?
12
Let l(z) = z**2 + 217*z - 1091. What is the remainder when 357 is divided by l(5)?
15
Let a(b) = -113*b - 2909. Let i(y) = -y - 1. What is the remainder when a(-28) is divided by i(-10)?
3
Let x(u) = -u**3 + 22*u**2 + 26*u - 73. Let y be x(23). Let m(s) = 15*s + 74. Calculate the remainder when 320 is divided by m(y).
12
Let o = -1382 + 1402. What is the remainder when ((-2)/4)/(2/(-344)) is divided by o?
6
Let y(z) = -134*z - 429. Calculate the remainder when 27923 is divided by y(-4).
103
Let x = 4 - 3. Suppose -x = -l + 5*g + 67, -l - 5*g = -68. Suppose -4*w + 55 = -3*y, 193*w = 195*w + 4*y. Calculate the remainder when l is divided by w.
8
Suppose -296 = -5*g + 3*l, 137*l = -3*g + 134*l + 168. What is the remainder when 304 is divided by g?
14
Suppose -8*n = -2178 + 2098. Suppose 5*b + 70 = -5*f, 0*b = b - 1. Let q = 43 + f. Calculate the remainder when q is divided by n.
8
Let b = 107 - -77. Let v = b + -181. Let f(x) = -5*x - 2. What is the remainder when f(-4) is divided by v?
0
Let h = -46 + 48. Suppose 5*o + 5*r - 110 = 0, -3*o - h*r = -5*r - 54. Suppose -17*z + o*z = 186. What is the remainder when z is divided by 13?
10
Let p be (7 + -3)/4 - (-1 + -5). Calculate the remainder when 700 is divided by p/((-56)/(-12)) + (-450)/(-12).
37
Let a be 1 + -295 + -7 + 10. Let p = a - -346. What is the remainder when p is divided by 39?
16
Suppose 14*t - 21*t - 14 = 0. Calculate the remainder when -1 - (-117 + (-2 - 0)) is divided by 6/((-288)/(-1452)) + t/8.
28
Let f(l) = -l**2 + 58. Let k be f(-8). Let z be k/27 - 4407/(-27). Suppose 3*d + z = 2*n + 2*n, 2*d + 10 = 0. What is the remainder when n is divided by 24?
13
Suppose -2*q = -14*a + 9184 + 29326, 5*q = -4*a + 11014. Calculate the remainder when a is divided by 276.
267
Let v(t) = -t**2 + 27*t + 271. Let d be v(34). Suppose 6*j - 15 = d. Calculate the remainder when 27 is divided by j.
3
Let k(x) = x**3 - 20*x**2 + 39*x + 39. Let b be k(19). Suppose 655 = 6*l - b. What is the remainder when l is divided by 45?
44
Suppose x + t - 63 = 0, -97 = -3*x + 2*t + 82. Suppose 359 + x = 12*g. What is the remainder when 60 is divided by g?
25
Suppose w - 37*m + 35*m - 9 = 0, -m = -5*w + 45. What is the remainder when 131 is divided by ((-56)/18)/14 + 128/w?
5
Suppose 0 = -3*u + 4*u. Suppose u = 5*l - 8 - 7. Suppose -36 = -g - l*g. What is the remainder when 26 is divided by g?
8
Suppose -67 = 3*f - 4*g, f + 5 = 18*g - 21*g. Let h(j) = 3*j + 73. Calculate the remainder when 104 is divided by h(f).
16
Let l(y) = -211*y + 7. Let h = -257784 - -257799. What is the remainder when l(-5) is divided by h?
12
Let h(p) = 12058*p**2 - 92*p - 196. Calculate the remainder when h(-2) is divided by 141.
139
Let y = 14 + 9. Let s(h) = -h**3 - 68*h**2 - 531*h + 108. What is the remainder when s(-59) is divided by y?
16
Let r be 1278/(-27)*(-6)/4. Suppose -15*c - r = -16*c - 3*w, -c + 87 = -w. Calculate the remainder when 160 is divided by c.
77
Let s(l) = -l**2 + 3*l + 1. Let t(m) = -4*m**2 + 5*m + 226. Let i(y) = s(y) - t(y). Calculate the remainder when i(13) is divided by 20.
16
Let o(r) = -r**2 - 9*r + 11. Let v be o(-10). Suppose -11 - v = 2*j. Let i(u) = -u**3 - 4*u**2 + 9*u - 4. What is the remainder when 24 is divided by i(j)?
10
What is the remainder when 384/(-1920) - (-1844)/8*2/5 is divided by (2 - (-15 - -2)) + 1?
12
Let v(t) = t**3 + 16*t**2 + 10*t - 28. Let d be v(-12). Suppose -1136 = -4*z - d. Suppose -5*i = -z - 668. What is the remainder when i is divided by 43?
40
Suppose 0 = 202*x - 289*x + 522. What is the remainder when 4183 is divided by x?
1
Let w = -2450 + 2532. What is the remainder when w is divided by 36?
10
Let j be 0/(1/3*3). Suppose 5*n = -j*n. Suppose 2*s - s - 16 = 4*q, n = 5*q. What is the remainder when s is divided by 9?
7
Suppose 6*x = 150 + 114. Let q = 202 - 135. Calculate the remainder when q is divided by x.
23
Suppose 2*t - 473 = -475, 0 = -2*z + 2*t + 138. What is the remainder when 222 is divided by z?
18
Suppose 278*s - 257*s - 1971 - 15207 = 0. What is the remainder when s is divided by 46?
36
Let q(j) = 9*j**2 - 4*j + 15. Calculate the remainder when 871 is divided by q(7).
15
Let p = 619 - 614. What is the remainder when 96/30*(p - (4 + -4)) is divided by 5?
1
Let s(w) = -10*w - 3. Let t be s(-1). Suppose -78 - 209 = -t*h. Calculate the remainder when h is divided by 5.
1
Let k = 2910 - 2643. Calculate the remainder when k is divided by 112.
43
Let z = 28 + -17. Suppose 0 = -f + 5*f. Suppose 0 = -4*u + j + 25, -3*u + f*j = j - 10. What is the remainder when z is divided by u?
1
Suppose -4*q + 16 = 0, 7*c - 3*q + 312 = 12*c. Suppose 0 = 8*v - 10*v + 230. Calculate the remainder when v is divided by c.
55
Let z(h) = 12*h - 539. Calculate the remainder when (8/10)/(-3 - 3741/(-1245)) is divided by z(46).
10
Let z = 97 + -93. Suppose -p - 1 = -z, 3*p + 9 = 3*x. Calculate the remainder when 25 is divided by x.
1
Suppose 1363 = 8*s - 4*s - 5*d, -1705 = -5*s + 5*d. Let o = -326 + s. Calculate the remainder when 49 is divided by o.
1
Suppose 0 = -2*v + 14, -g - 11*v + 15*v = -19. Suppose 39 + 96 = 3*s. What is the remaind